) in base 5?
11
Convert 262 (base 7) to base 6.
354
What is -1 (base 5) in base 10?
-1
Convert -4 (base 9) to base 2.
-100
What is -21 (base 13) in base 16?
-1b
What is -6a (base 14) in base 10?
-94
-52 (base 10) to base 3
-1221
Convert -13 (base 6) to base 12.
-9
Convert 61 (base 7) to base 13.
34
Convert 102 (base 12) to base 3.
12102
1 (base 12) to base 4
1
Convert 0 (base 2) to base 14.
0
Convert 3 (base 8) to base 14.
3
-94 (base 14) to base 6
-334
Convert -26 (base 7) to base 14.
-16
-8 (base 13) to base 6
-12
Convert -10 (base 3) to base 5.
-3
Convert 3 (base 10) to base 8.
3
Convert -1 (base 5) to base 16.
-1
12 (base 3) to base 2
101
What is -1 (base 3) in base 5?
-1
4b (base 16) to base 4
1023
0 (base 13) to base 3
0
Convert -53 (base 13) to base 15.
-48
What is 16 (base 11) in base 15?
12
Convert 201 (base 3) to base 8.
23
Convert 206 (base 9) to base 11.
143
Convert -2 (base 8) to base 3.
-2
Convert 0 (base 11) to base 2.
0
What is -3 (base 8) in base 13?
-3
What is -3 (base 8) in base 11?
-3
-28 (base 10) to base 3
-1001
What is 6 (base 11) in base 16?
6
100 (base 4) to base 11
15
Convert c3 (base 14) to base 16.
ab
26 (base 8) to base 10
22
What is -8 (base 12) in base 5?
-13
Convert -243 (base 5) to base 11.
-67
Convert 3 (base 5) to base 16.
3
Convert 2 (base 3) to base 15.
2
Convert -5 (base 6) to base 9.
-5
Convert -61 (base 7) to base 16.
-2b
What is -10000 (base 2) in base 6?
-24
10 (base 2) to base 12
2
Convert 101 (base 2) to base 9.
5
What is 1 (base 10) in base 3?
1
What is 20 (base 9) in base 3?
200
-5 (base 6) to base 15
-5
Convert 8 (base 12) to base 13.
8
Convert 15 (base 14) to base 5.
34
Convert -25 (base 7) to base 14.
-15
What is 231 (base 6) in base 2?
1011011
Convert 2 (base 6) to base 4.
2
What is -2 (base 3) in base 14?
-2
What is 14 (base 10) in base 14?
10
What is -54 (base 13) in base 14?
-4d
What is 70 (base 9) in base 2?
111111
-2 (base 9) to base 16
-2
Convert 0 (base 16) to base 5.
0
-25 (base 13) to base 10
-31
40 (base 11) to base 2
101100
What is 4 (base 14) in base 8?
4
What is 0 (base 16) in base 10?
0
Convert -44 (base 11) to base 10.
-48
What is -4 (base 14) in base 6?
-4
Convert -101 (base 2) to base 9.
-5
Convert 17 (base 13) to base 15.
15
-4 (base 8) to base 16
-4
-7 (base 11) to base 3
-21
Convert 3 (base 11) to base 12.
3
Convert -113 (base 6) to base 11.
-41
17 (base 11) to base 3
200
What is 49 (base 14) in base 6?
145
What is 1 (base 7) in base 11?
1
What is 200 (base 12) in base 5?
2123
Convert -15 (base 12) to base 16.
-11
-4 (base 9) to base 5
-4
-44 (base 11) to base 9
-53
Convert -100 (base 2) to base 4.
-10
What is -32 (base 6) in base 8?
-24
What is 2 (base 12) in base 6?
2
Convert 17 (base 15) to base 6.
34
What is 203 (base 6) in base 12?
63
Convert 183 (base 10) to base 14.
d1
-45 (base 7) to base 12
-29
100 (base 3) to base 8
11
What is 124 (base 9) in base 6?
251
10 (base 2) to base 10
2
What is d2 (base 16) in base 4?
3102
100122 (base 3) to base 2
100000100
Convert 242 (base 5) to base 16.
48
What is 110 (base 3) in base 6?
20
Convert -38 (base 10) to base 15.
-28
d2 (base 15) to base 10
197
What is 1 (base 3) in base 9?
1
Convert 85 (base 10) to base 11.
78
Convert 13 (base 5) to base 11.
8
Convert -96 (base 15) to base 6.
-353
What is -5 (base 6) in base 2?
-101
0 (base 6) to base 10
0
Convert 133 (base 4) to base 11.
29
What is 83 (base 9) in base 3?
2210
-10 (base 7) to base 12
-7
212 (base 5) to base 4
321
Convert 1 (base 16) to base 12.
1
Convert -23 (base 4) to base 6.
-15
What is 32 (base 10) in base 12?
28
Convert -6 (base 11) to base 5.
-11
What is -32 (base 4) in base 7?
-20
-102 (base 8) to base 6
-150
Convert -2d (base 14) to base 16.
-29
What is 146 (base 9) in base 11?
102
What is -16 (base 15) in base 7?
-30
Convert -101100 (base 2) to base 10.
-44
What is 12 (base 4) in base 13?
6
12 (base 7) to base 6
13
15 (base 6) to base 8
13
1 (base 14) to base 11
1
What is -1 (base 3) in base 12?
-1
Convert 213 (base 6) to base 12.
69
What is -36 (base 13) in base 10?
-45
Convert -127 (base 16) to base 14.
-171
84 (base 16) to base 8
204
-18 (base 13) to base 5
-41
What is -1012 (base 4) in base 5?
-240
What is -1000 (base 5) in base 6?
-325
What is -10 (base 9) in base 10?
-9
2 (base 10) to base 7
2
124 (base 6) to base 11
48
Convert 4 (base 6) to base 8.
4
-102 (base 3) to base 16
-b
What is d7 (base 14) in base 10?
189
1 (base 16) to base 6
1
What is 56 (base 16) in base 14?
62
-3 (base 14) to base 11
-3
What is 22 (base 12) in base 8?
32
1 (base 13) to base 10
1
3 (base 7) to base 3
10
What is -5 (base 11) in base 7?
-5
Convert -2 (base 7) to base 2.
-10
Convert -14 (base 14) to base 12.
-16
What is -5 (base 10) in base 7?
-5
12 (base 6) to base 11
8
What is 5 (base 14) in base 11?
5
Convert 15 (base 6) to base 8.
13
33 (base 10) to base 16
21
Convert -122 (base 8) to base 5.
-312
e (base 15) to base 10
14
100110 (base 2) to base 14
2a
Convert 1 (base 8) to base 16.
1
What is -3 (base 14) in base 15?
-3
Convert 0 (base 15) to base 11.
0
Convert -31 (base 11) to base 5.
-114
What is 42 (base 6) in base 10?
26
What is 6 (base 11) in base 12?
6
9 (base 11) to base 7
12
What is -58 (base 15) in base 10?
-83
What is 13 (base 5) in base 8?
10
Convert -1111 (base 2) to base 13.
-12
Convert 11 (base 3) to base 6.
4
What is -62 (base 14) in base 8?
-126
What is 43 (base 10) in base 7?
61
4 (base 15) to base 12
4
Convert -1 (base 15) to base 2.
-1
Convert 3 (base 16) to base 13.
3
Convert 12 (base 15) to base 11.
16
Convert 1100 (base 4) to base 7.
143
-41 (base 10) to base 15
-2b
Convert 21 (base 4) to base 16.
9
10 (base 5) to base 7
5
Convert -2 (base 11) to base 2.
-10
What is 1a9 (base 11) in base 7?
462
What is 1 (base 2) in base 9?
1
What is -31 (base 12) in base 11?
-34
What is -11110001 (base 2) in base 16?
-f1
Convert 1a9 (base 16) to base 4.
12221
-1 (base 7) to base 13
-1
What is 1 (base 7) in base 12?
1
Convert c (base 16) to base 12.
10
10101 (base 3) to base 5
331
-18 (base 10) to base 14
-14
What is -104 (base 5) in base 8?
-35
Convert -3 (base 7) to base 3.
-10
What is 2 (base 8) in base 2?
10
What is -12211 (base 3) in base 2?
-10011101
What is -7 (base 13) in base 5?
-12
Convert -140 (base 5) to base 15.
-30
Convert 3 (base 13) to base 4.
3
Convert -70 (base 15) to base 11.
-96
133 (base 4) to base 10
31
What is 10 (base 3) in base 12?
3
What is -120 (base 4) in base 16?
-18
What is 1 (base 2) in base 5?
1
0 (base 6) to base 16
0
Convert -3 (base 7) to base 8.
-3
What is 4 (base 14) in base 7?
4
Convert 8 (base 14) to base 4.
20
-6 (base 8) to base 14
-6
What is 1011100 (base 2) in base 13?
71
-281 (base 10) to base 8
-431
What is -10 (base 3) in base 13?
-3
Convert -21 (base 4) to base 14.
-9
-17 (base 11) to base 12
-16
Convert 2 (base 16) to base 14.
2
Convert 25 (base 11) to base 13.
21
What is -1010 (base 2) in base 4?
-22
Convert 1a (base 11) to base 4.
111
Convert 4e (base 15) to base 12.
62
Convert -3 (base 5) to base 9.
-3
Convert 39 (base 10) to base 2.
100111
What is -2 (base 3) in base 13?
-2
8 (base 13) to base 10
8
-3 (base 14) to base 5
-3
56 (base 7) to base 4
221
What is 31 (base 8) in base 7?
34
0 (base 3) to base 7
0
-ab (base 13) to base 6
-353
Convert 11 (base 2) to base 5.
3
-10 (base 4) to base 15
-4
What is -19 (base 12) in base 4?
-111
114 (base 12) to base 8
240
Convert 30 (base 9) to base 7.
36
-2012 (base 3) to base 5
-214
Convert -10200 (base 3) to base 6.
-243
What is -13 (base 14) in base 3?
-122
-3 (base 4) to base 10
-3
What is 2 (base 11) in base 15?
2
Convert 21 (base 10) to base 5.
41
-87 (base 14) to base 11
-a9
51 (base 11) to base 15
3b
Convert -332 (base 6) to base 12.
-a8
What is 3 (base 5) in base 16?
3
-26 (base 8) to base 16
-16
What is -201 (base 3) in base 15?
-14
What is -12 (base 15) in base 7?
-23
Convert 3 (base 4) to base 9.
3
Convert -93 (base 15) to base 2.
-10001010
Convert 8 (base 12) to base 2.
1000
Convert -26 (base 16) to base 10.
-38
What is 3 (base 4) in base 8?
3
Convert -6 (base 16) to base 11.
-6
What is 10 (base 3) in base 8?
3
-7 (base 8) to base 2
-111
Convert -1200 (base 4) to base 13.
-75
Convert 8 (base 10) to base 9.
8
-1 (base 14) to base 16
-1
What is 25 (base 9) in base 10?
23